*3 + n**2 - n. Suppose -2*m + 42 = -20. What is the remainder when m is divided by r(l)?
15
Let f be 4 + -5 + 2 + 0. Suppose f = -m + 4. Calculate the remainder when 4 is divided by m.
1
Suppose 2*k + 2 = 6. Let d(x) = -x - 1. Calculate the remainder when k is divided by d(-3).
0
Calculate the remainder when 65 is divided by 68*(-5)/(-20)*2.
31
Let k(g) = 2*g**3 - 2*g**2 - 3*g + 2. Let h be k(2). Suppose -8 - 8 = -h*y. Let t = 8 - 5. Calculate the remainder when y is divided by t.
1
Let r(q) = -q**3 - 3*q**2 - 4*q + 1. Suppose -33 - 37 = -5*o - 5*a, -5*a = o - 22. Calculate the remainder when r(-4) is divided by o.
9
Suppose 5*p = p + 408. Calculate the remainder when p is divided by 13.
11
Let d be ((-7)/(-14))/((-1)/2). Let h = 3 - d. Calculate the remainder when h is divided by 2.
0
Suppose 23 - 55 = -4*f. Let x(i) = -i - 1. What is the remainder when x(-14) is divided by f?
5
Suppose 0*z - 3*v = 2*z - 1, v = 4*z - 37. Suppose 5*p + z - 23 = -4*y, -3*p + 17 = 4*y. Let c(g) = 4*g. Calculate the remainder when c(3) is divided by y.
2
Calculate the remainder when (50/(-8))/((-4)/32) is divided by 7/28 - 67/(-4).
16
What is the remainder when 39 is divided by -1 + (-18)/(-2) - (56 - 56)?
7
Suppose -3*z - 2*z = 0. Suppose 72 = 2*b - z*b. What is the remainder when b is divided by 13?
10
Let d be (9/(-6))/((-1)/2). Let p be (6/4)/(d/4). Suppose -p = -4*h + 26. Calculate the remainder when 13 is divided by h.
6
Suppose -85 = -8*t + 3*t. Let x = 34 + 15. What is the remainder when x is divided by t?
15
Suppose 4*i - 42 = -2*r - 2, 0 = r - 2. Suppose 4*g = 132 - 36. Calculate the remainder when g is divided by i.
6
Suppose 13*r = 10*r + 21. What is the remainder when 24 is divided by r?
3
Let h = -2 + 10. Suppose 2*b - 3*b = -s - 5, h = -2*s. What is the remainder when 1 is divided by b?
0
Let f(l) = 4*l**3 - 13*l**2 + 9*l + 9. Let s(b) = 3*b**3 - 12*b**2 + 8*b + 9. Let z(n) = 4*f(n) - 5*s(n). Calculate the remainder when z(-8) is divided by 6.
5
Suppose q + 4 = 4*k, 0 = 4*k - 6 - 2. Let d(v) be the third derivative of v**4/24 + 2*v**3/3 + v**2. What is the remainder when 14 is divided by d(q)?
6
Let s be 2/3 - 3/(-9). Suppose 13 = 3*w - 5. Let u = w + s. What is the remainder when 13 is divided by u?
6
Let w be 1*6*(-1)/(-2). Suppose d + 0*d + 14 = 3*s, -w*s + 3*d = -18. What is the remainder when 23 is divided by (-4)/16 + 33/s?
7
Suppose 28 = 5*m - 2. Suppose 4*l = 3*g - 47, -m*g + 30 = -g + 3*l. What is the remainder when 26 is divided by g?
8
Suppose -3*t + 1 = -2. Suppose -p - 2 = g - 0, 4*p = -g + t. What is the remainder when 2 is divided by p?
0
Suppose -5*z + 4*a + 16 = 0, a + 16 = 4*z - 3*a. Suppose 2*h - 28 = -z*h. Calculate the remainder when 45*1*(-12)/(-10) is divided by h.
12
Calculate the remainder when (0/(-1) + 19)*1 is divided by 10.
9
Suppose -2*h - 3*k = -0*k - 71, -3*k = -4*h + 97. Calculate the remainder when h is divided by 10.
8
Suppose 4*m = -4, -2*p + 3*m - 6*m - 3 = 0. Suppose -5*j - 5 = 0, p*j = -4*b + j + 37. Calculate the remainder when b is divided by 6.
3
What is the remainder when 233 is divided by 1/(-2)*-46 + -5?
17
Suppose -2*l + 6 - 2 = 0. Calculate the remainder when 27 is divided by (-15)/(-3 - 0) + l.
6
Suppose b = w + 71, 5*w = -6 + 21. Calculate the remainder when b is divided by 20.
14
Let v be 328/6 + (-2)/(-6). Suppose 2*b - 62 = -4*t, 5*t = 3*b - 27 - v. What is the remainder when b is divided by 1 - 36/(3 + -7)?
9
Let b(s) = s**2 + 4*s + 7. Suppose -6*r = -14*r + 56. What is the remainder when b(-6) is divided by r?
5
Let h = -22 - -34. Let i(q) = -q + 10. Let t be i(7). Suppose -t*l = -9 - h. Calculate the remainder when 20 is divided by l.
6
Let f(h) = -h + 11. Let b = 9 + 0. Let u be f(b). Suppose -w - 4*n + 1 + u = 0, -11 = -w + 4*n. What is the remainder when 19 is divided by w?
5
Suppose 4*p = -2*i + 596, i + 3 + 1 = 0. What is the remainder when p is divided by 38?
37
Let y(n) = -5*n + 6*n**2 - n**3 + 2 + 2 - 2. Suppose -3*t + 2 - 9 = -v, 2*t = v - 6. Calculate the remainder when 53 is divided by y(v).
11
Let x(a) = -13*a - 4. Let p be x(-3). Suppose -5*i + 2*t + 29 = 0, -3*t - p = -4*i - 9. Let l = 43 - 29. What is the remainder when l is divided by i?
4
What is the remainder when 55 is divided by 27/2 + (-2)/(-4)?
13
Suppose 99*u - 42 = 93*u. Let y be (-1)/4*-2*76. Calculate the remainder when ((-1)/2)/((-1)/y) is divided by u.
5
Let t(d) = 9*d - 12. Calculate the remainder when 14 is divided by t(2).
2
Let b = 14 + -7. What is the remainder when 108/42*14/3 is divided by b?
5
Let c = 16 - 23. Let l be 6/(-18)*(c - -1). Suppose -68 = -l*a + o, -a + 6*a = 3*o + 172. Calculate the remainder when a is divided by 11.
10
Let g(q) = -4*q**3 + q. Let t be (-2)/8 - (-21)/(-28). What is the remainder when 8 is divided by g(t)?
2
Suppose 4*y - 16 = 0, -4*q + 36 = -y + 2*y. Let z = -5 - -9. Suppose -z*s + 40 = 4*v - v, 48 = 4*s + v. What is the remainder when s is divided by q?
5
Suppose -4*y + 0*y - 592 = 0. Let l = y + 308. Suppose 71 = 2*n - j, 4*j + 0*j - l = -4*n. What is the remainder when n is divided by 13?
11
Let s be -2*-3*(-1)/3. Let h(j) = 5*j**2 + 4*j + 3. Let y = 89 + -46. Calculate the remainder when y is divided by h(s).
13
Let i = -67 - -96. Let f = 49 - i. Calculate the remainder when 58 is divided by f.
18
Suppose -3*i + 2*i + 21 = 0. Suppose 0 = 4*f + i - 173. What is the remainder when f is divided by 10?
8
Suppose -3*q - 31 = -61. Calculate the remainder when q is divided by 7.
3
Suppose -z = z - 4. Suppose -2*d - 1 - 7 = 0. Let p = -3 - d. Calculate the remainder when z is divided by p.
0
Let a(h) = 3*h**3 - 3*h**2 + h - 2. Suppose -p + 5 = -0*p. Suppose -d + 23 = p*f, 5*d - 197 = 3*f - 82. What is the remainder when d is divided by a(2)?
11
Let x(t) = 42*t - 1. Let a be (8/(-3))/(6/(-9)). Suppose -a*m + 0*m = -2*d - 92, -50 = -2*m + 2*d. Calculate the remainder when x(1) is divided by m.
20
Let j(t) = 2*t + 10. Calculate the remainder when 3/(2 - 50/26) is divided by j(0).
9
Let j = 1 - -2. Suppose d + 6 = -4*z + j*z, -z + 6 = -5*d. Let n(a) = -a**3 - 2*a**2 + 6*a + 6. Calculate the remainder when 40 is divided by n(z).
12
Let o(k) = -k**2 - k. Let d be (6/2)/((-3)/(-2)). Let i be o(d). Calculate the remainder when 29 is divided by (-3)/i + 57/6.
9
Let n = 0 - -2. Suppose 3*l + 22 = -n. Let p = l + 19. Calculate the remainder when 31 is divided by p.
9
Suppose 0*w + 87 = -4*w - 5*u, -2*w - 66 = -2*u. Let l = -18 - w. What is the remainder when 19 is divided by l?
9
Suppose 13 = -2*r + 21. Suppose -r*c = c - 95. What is the remainder when c is divided by 7?
5
Let s be 21 + (-2)/(-2 + 0). Suppose -3*a + 20 = -s. What is the remainder when a is divided by 8?
6
Let n = 38 + -27. Let r = -3 - -11. Calculate the remainder when n is divided by (11 + -14)/((-6)/r).
3
Let n = 238 + -134. Suppose 22 = g - n. Suppose -g = -4*h + 2. Calculate the remainder when h is divided by 11.
10
Suppose 2*r - 7*r + 55 = 0. Let c(f) = f**2 - 4*f + 8. Suppose 3*m - 7 - 11 = 0. Calculate the remainder when c(m) is divided by r.
9
Let z(m) = -4*m**2 + 30*m**3 - 2*m + 5*m**2 + 0 + 1. What is the remainder when z(1) is divided by 16?
14
Let c be 10/(-15)*(-21 + 0). Suppose -5*n + 11 = -c. Let f(r) = r + 3. What is the remainder when f(6) is divided by n?
4
Suppose 6 - 14 = -2*n. Suppose n*s = 3*s + 16. What is the remainder when 46 is divided by s?
14
Suppose -i - 92 + 125 = 0. Let f = 25 + -13. Calculate the remainder when i is divided by f.
9
Let d = 10 + -8. Suppose d*c - 4*v + 21 - 111 = 0, -2*v = c - 29. Calculate the remainder when c is divided by 13.
11
Suppose 0 = -w + 3*n + 2, 3*w - 2*w = -3*n + 8. Suppose w*d + 63 = 223. Calculate the remainder when d is divided by 17.
15
Let v = 14 - 40. What is the remainder when (v/(-5))/((-1)/(-5)) is divided by 9?
8
Let q(d) = -d**2 + 18*d - 21. What is the remainder when 20 is divided by q(16)?
9
Suppose -5*w + 2*q = -119, -w + 2*w = q + 25. Let z be 24/(2 - 1)*1. Suppose c + c = z. What is the remainder when w is divided by c?
11
Let j = 134 - 105. What is the remainder when j is divided by 6?
5
Suppose 3*q - 134 = 79. Calculate the remainder when 281 is divided by q.
68
Let a(y) = 16*y + 2. Calculate the remainder when 52 is divided by a(1).
16
Let s(v)